mber?
True
Is 10491274519 a prime number?
False
Is 41728093273 a composite number?
True
Is 698015441 composite?
False
Is 3453125054 prime?
False
Is 45675713471 prime?
False
Is 2745883403 composite?
False
Is 2264418059 composite?
True
Is 4003147013 a prime number?
False
Is 19875738065 composite?
True
Is 631935971 a composite number?
True
Is 3129586973 a composite number?
True
Is 98982848359 prime?
True
Is 506077567 a composite number?
False
Is 70675330651 composite?
True
Is 909921449 prime?
False
Is 288180122 composite?
True
Is 124933367 a composite number?
True
Is 27228586433 a prime number?
True
Is 9381888359 composite?
False
Is 1058559941 prime?
False
Is 224697706 a composite number?
True
Is 73891454389 a prime number?
False
Is 2401988117 prime?
False
Is 14064040429 a prime number?
True
Is 6420019157 a prime number?
True
Is 2965996994 a composite number?
True
Is 76011303373 a composite number?
True
Is 2249504597 a prime number?
False
Is 21901810009 a composite number?
False
Is 3170898607 a prime number?
True
Is 719769353 prime?
True
Is 28982124917 a composite number?
True
Is 102062251 a composite number?
False
Is 127993897103 composite?
True
Is 4243482611 composite?
False
Is 24337628173 composite?
True
Is 122192518873 a composite number?
True
Is 25285651147 a composite number?
False
Is 41419927331 prime?
True
Is 3823051354 prime?
False
Is 3464657441 a prime number?
False
Is 67268527793 a prime number?
False
Is 2995562503 a prime number?
False
Is 19932309581 a composite number?
False
Is 60901525249 a prime number?
True
Is 653893973 a prime number?
False
Is 1008465389 a composite number?
False
Is 2871238967 a prime number?
True
Is 934974998 a prime number?
False
Is 38937692737 a composite number?
True
Is 9651444043 prime?
False
Is 44894453789 prime?
False
Is 196493291 composite?
False
Is 751080713 a composite number?
False
Is 28058127901 a composite number?
False
Is 2478879407 a composite number?
False
Is 6324036569 composite?
False
Is 91563356191 prime?
True
Is 1148371691 a prime number?
True
Is 4119832337 a prime number?
False
Is 5191645073 a prime number?
False
Is 3154516591 prime?
False
Is 2407456517 composite?
False
Is 979261541 a composite number?
False
Is 16274155613 composite?
False
Is 244140857 a prime number?
False
Is 137549033 composite?
True
Is 5467643089 a prime number?
True
Is 36425727361 prime?
True
Is 130995486419 a composite number?
True
Is 1375363949 prime?
False
Is 44654238905 a composite number?
True
Is 667081257 composite?
True
Is 14950379737 a composite number?
True
Is 5345369453 composite?
False
Is 675525859 composite?
True
Is 356537707 composite?
False
Is 15653988611 a composite number?
False
Is 62100707299 prime?
False
Is 14849579831 composite?
True
Is 11381986127 a composite number?
False
Is 1515109331 composite?
True
Is 26009990683 a prime number?
False
Is 10686665251 a composite number?
False
Is 12642437 a prime number?
True
Is 99026545177 a composite number?
True
Is 2492456731 prime?
True
Is 4013447281 a composite number?
False
Is 199724183 composite?
False
Is 636771979 a prime number?
True
Is 19706266777 prime?
True
Is 377194309 prime?
True
Is 8379116593 composite?
True
Is 10401607789 a prime number?
True
Is 12230799479 composite?
True
Is 5681337187 a composite number?
True
Is 30579362837 composite?
False
Is 2170212659 a prime number?
True
Is 3364216771 composite?
False
Is 69000534433 composite?
True
Is 3691205461 composite?
True
Is 802465199 prime?
True
Is 98233938911 a composite number?
False
Is 5266693769 a prime number?
False
Is 46760246731 a composite number?
True
Is 141185729 composite?
True
Is 21402239893 prime?
True
Is 3545487031 a prime number?
True
Is 29013087877 a composite number?
False
Is 146107307869 composite?
False
Is 6109842031 prime?
True
Is 95534819 a composite number?
False
Is 79602669717 a composite number?
True
Is 2953860277 prime?
False
Is 148867985819 composite?
True
Is 446875019 a prime number?
True
Is 2007639859 prime?
False
Is 218150869 a composite number?
False
Is 8359387 composite?
False
Is 222957812219 composite?
False
Is 3438123589 a composite number?
False
Is 5791792381 prime?
True
Is 1006235647 prime?
False
Is 3904071277 a composite number?
False
Is 5515373441 a composite number?
False
Is 25559549033 a composite number?
False
Is 117198901 a prime number?
False
Is 33796313611 composite?
False
Is 2468135059 a prime number?
False
Is 1387340701 a prime number?
False
Is 19155195193 a prime number?
False
Is 1214246861 a prime number?
True
Is 2712231619 a prime number?
True
Is 71954226593 a composite number?
False
Is 9559520209 prime?
False
Is 3173453753 a prime number?
True
Is 1045692943 prime?
True
Is 11170787599 a composite number?
False
Is 98325437377 prime?
True
Is 3654572579 a composite number?
True
Is 11117004919 composite?
True
Is 77577883 a prime number?
True
Is 1943812903 a composite number?
False
Is 1169737117 a composite number?
False
Is 1400965039 prime?
False
Is 415315001 a composite number?
True
Is 4068750722 a composite number?
True
Is 3095434961 a composite number?
True
Is 475944463 prime?
True
Is 2385322447 a composite number?
False
Is 3543267157 a prime number?
False
Is 894056587 a composite number?
True
Is 6250830853 a prime number?
True
Is 2511840883 composite?
False
Is 82657269754 a prime number?
False
Is 1588236973 composite?
False
Is 1613544203 composite?
True
Is 9874740773 a composite number?
True
Is 671054669 a composite number?
False
Is 62299085 a composite number?
True
Is 145579670319 prime?
False
Is 21806190629 prime?
True
Is 104775085 a composite number?
True
Is 10979057227 a prime number?
True
Is 973281077 prime?
True
Is 34317145139 a prime number?
True
Is 8427853267 prime?
False
Is 87752566531 a prime number?
False
Is 117500012285 a prime number?
False
Is 42500252243 a prime number?
False
Is 664806841 a prime number?
False
Is 264437131 a prime number?
False
Is 3180281791 a composite number?
False
Is 215716261 composite?
False
Is 36623903 prime?
False
Is 63636437 prime?
True
Is 6164761949 a prime number?
True
Is 7261142243 composite?
True
Is 8533133761 composite?
False
Is 79340588809 composite?
False
Is 4538133397 a prime number?
False
Is 89980867 composite?
False
Is 155163103 composite?
False
Is 5768043011 a prime number?
False
Is 4291963097 prime?
True
Is 2326357289 composite?
True
Is 206048761 prime?
True
Is 17824164563 a prime number?
True
Is 2370029131 a prime number?
False
Is 4154781391 a prime number?
False
Is 3341211767 composite?
True
Is 443016517 a composite number?
True
Is 161617093507 a composite number?
False
Is 4187730941 a prime number?
True
Is 260811737 prime?
True
Is 9310355143 prime?
False
Is 414763399 a prime number?
False
Is 1306407779 a composite number?
True
Is 1460691013 a prime number?
False
Is 2532221893 a prime number?
False
Is 26593739737 composite?
True
Is 1785922843 composite?
False
Is 27321716791 composite?
False
Is 112142413 a composite number?
False
Is 71955417893 prime?
True
Is 896731091 prime?
False
Is 1898535181 a composite number?
True
Is 6331658503 composite?
False
Is 160278451301 a composite number?
True
Is 86297115623 composite?
True
Is 1657885657 a composite number?
False
Is 8362583939 prime?
True
Is 2410598999 composite?
False
Is 6967841977 prime?
False
Is 1986330407 composite?
True
Is 163400035 composite?
True
Is 1967963827 a prime number?
True
Is 3757670551 prime?
True
Is 1375953583 a composite number?
True
Is 2081432806 composite?
True
Is 75841045441 composite?
True
Is 94933725247 a composite number?
True
Is 116212951 prime?
False
Is 1549899305 prime?
False
Is 6398121371 a prime number?
True
Is 1425842231 a prime number?
False
Is 1993309991 a composite number?
True
Is 37716935111 a composite number?
False
Is 53689965691 a prime number?
True
Is 631580497 prime?
True
Is 2873095969 composite?
True
Is 2862078787 prime?
True
Is 165569291 prime?
False
Is 1039060943 a composite number?
False
Is 2432195573 prime?
False
Is 54906833 a prime number?
True
Is 36037135 a composite number?
True
Is 429270917 composite?
True
Is 3059512549 a prime number?
True
Is 16654196189 a composite number?
True
Is 3148558649 prime?
True
Is 1327700753 a composite number?
True
Is 1723187209 prime?
False
Is 77379885095 composite?
True
Is 2278